{"id":1881,"date":"2025-11-12T10:47:55","date_gmt":"2025-11-12T09:47:55","guid":{"rendered":"http:\/\/kotlinafishing.pl\/?post_type=product&#038;p=1881"},"modified":"2025-12-08T20:09:24","modified_gmt":"2025-12-08T19:09:24","slug":"koszyczki-zanetowe-delphin-magma-square","status":"publish","type":"product","link":"https:\/\/kotlinafishing.pl\/?product=koszyczki-zanetowe-delphin-magma-square","title":{"rendered":"Koszyczki zan\u0119towe Delphin Magma Square"},"content":{"rendered":"<p>Unikalny koszyczek zaprojektowany przez firm\u0119 Delphin w unikalnym designie MAGMA. Podstaw\u0105 koszyczka jest kwadratowy kosz wykonany z litego drutu. Zapobiega to jego prze\u0142adowaniu podczas nape\u0142niania zan\u0119t\u0105, kt\u00f3ra doskonale uwalnia si\u0119 w wodzie. Na dnie znajduj\u0105 si\u0119 cztery szpiczaste wyst\u0119py, dzi\u0119ki kt\u00f3rym koszyczek lepiej przylega do dna i tym samym ogranicza jego ruchy spowodowane przez wyg\u0142odnia\u0142e ryby lub nurt rzeki. Wyposa\u017cony jest w kr\u0119tlik, co umo\u017cliwia wygodne mocowanie do zestawu. Wyst\u0119puje w r\u00f3\u017cnych gramaturach i trzech rozmiarach: S, M i L. Ka\u017cdy mi\u0142o\u015bnik koszyczka mo\u017ce dobra\u0107 odpowiedni do danej sytuacji i rodzaju wody.<\/p>\n<p><strong>Parametry techniczne:<\/strong><br \/>\nRozmiar koszyka S: 35x28x25mm<br \/>\nRozmiar koszyka M: 49x31x29mm<br \/>\nRozmiar koszyka L: 52x33x30mm<\/p>\n","protected":false},"excerpt":{"rendered":"<p>Unikalny koszyczek zaprojektowany przez firm\u0119 Delphin w unikalnym designie MAGMA. Podstaw\u0105 koszyczka jest kwadratowy kosz wykonany z litego drutu. Zapobiega to jego prze\u0142adowaniu podczas nape\u0142niania zan\u0119t\u0105, kt\u00f3ra doskonale uwalnia si\u0119 w wodzie. Na dnie znajduj\u0105 si\u0119 cztery szpiczaste wyst\u0119py, dzi\u0119ki kt\u00f3rym koszyczek lepiej przylega do dna i tym samym ogranicza jego ruchy spowodowane przez wyg\u0142odnia\u0142e ryby lub nurt rzeki. Wyposa\u017cony jest w kr\u0119tlik, co umo\u017cliwia wygodne mocowanie do zestawu. Wyst\u0119puje w r\u00f3\u017cnych gramaturach i trzech rozmiarach: S, M i L. Ka\u017cdy mi\u0142o\u015bnik koszyczka mo\u017ce dobra\u0107 odpowiedni do danej sytuacji i rodzaju wody.<\/p>\n","protected":false},"featured_media":2249,"template":"","meta":[],"product_brand":[97],"product_cat":[54,34,19],"product_tag":[],"class_list":{"0":"post-1881","1":"product","2":"type-product","3":"status-publish","4":"has-post-thumbnail","6":"product_brand-delphin","7":"product_cat-koszyczki-klasyczny-feeder","8":"product_cat-koszyczki-podajniki-foremki","9":"product_cat-grunt","11":"first","12":"instock","13":"shipping-taxable","14":"purchasable","15":"product-type-variable"},"_links":{"self":[{"href":"https:\/\/kotlinafishing.pl\/index.php?rest_route=\/wp\/v2\/product\/1881","targetHints":{"allow":["GET"]}}],"collection":[{"href":"https:\/\/kotlinafishing.pl\/index.php?rest_route=\/wp\/v2\/product"}],"about":[{"href":"https:\/\/kotlinafishing.pl\/index.php?rest_route=\/wp\/v2\/types\/product"}],"wp:featuredmedia":[{"embeddable":true,"href":"https:\/\/kotlinafishing.pl\/index.php?rest_route=\/wp\/v2\/media\/2249"}],"wp:attachment":[{"href":"https:\/\/kotlinafishing.pl\/index.php?rest_route=%2Fwp%2Fv2%2Fmedia&parent=1881"}],"wp:term":[{"taxonomy":"product_brand","embeddable":true,"href":"https:\/\/kotlinafishing.pl\/index.php?rest_route=%2Fwp%2Fv2%2Fproduct_brand&post=1881"},{"taxonomy":"product_cat","embeddable":true,"href":"https:\/\/kotlinafishing.pl\/index.php?rest_route=%2Fwp%2Fv2%2Fproduct_cat&post=1881"},{"taxonomy":"product_tag","embeddable":true,"href":"https:\/\/kotlinafishing.pl\/index.php?rest_route=%2Fwp%2Fv2%2Fproduct_tag&post=1881"}],"curies":[{"name":"wp","href":"https:\/\/api.w.org\/{rel}","templated":true}]}}