{"id":1878,"date":"2025-11-12T10:38:11","date_gmt":"2025-11-12T09:38:11","guid":{"rendered":"http:\/\/kotlinafishing.pl\/?post_type=product&#038;p=1878"},"modified":"2025-11-23T10:09:40","modified_gmt":"2025-11-23T09:09:40","slug":"zestaw-pudelek-na-robaki-matrioszki-mikado","status":"publish","type":"product","link":"https:\/\/kotlinafishing.pl\/?product=zestaw-pudelek-na-robaki-matrioszki-mikado","title":{"rendered":"Zestaw pude\u0142ek na robaki, matrioszki Mikado"},"content":{"rendered":"<p>Pude\u0142ka przeznaczone do przetrzymywania \u017cywych przyn\u0119t w\u0119dkarskich. S\u0142u\u017c\u0105 tak\u017ce zawodnikom do przedstawienia ilo\u015bci \u017cywych przyn\u0119t podczas zawod\u00f3w.<\/p>\n","protected":false},"excerpt":{"rendered":"<p>Pude\u0142ka przeznaczone do przetrzymywania \u017cywych przyn\u0119t w\u0119dkarskich. S\u0142u\u017c\u0105 tak\u017ce zawodnikom do przedstawienia ilo\u015bci \u017cywych przyn\u0119t podczas zawod\u00f3w.<\/p>\n","protected":false},"featured_media":1983,"template":"","meta":[],"product_brand":[22],"product_cat":[219,19,49],"product_tag":[],"class_list":{"0":"post-1878","1":"product","2":"type-product","3":"status-publish","4":"has-post-thumbnail","6":"product_brand-mikado","7":"product_cat-pudelka-na-robaki-i-pellet","8":"product_cat-grunt","9":"product_cat-wiadra-miski-sita","11":"first","12":"instock","13":"shipping-taxable","14":"purchasable","15":"product-type-simple"},"_links":{"self":[{"href":"https:\/\/kotlinafishing.pl\/index.php?rest_route=\/wp\/v2\/product\/1878","targetHints":{"allow":["GET"]}}],"collection":[{"href":"https:\/\/kotlinafishing.pl\/index.php?rest_route=\/wp\/v2\/product"}],"about":[{"href":"https:\/\/kotlinafishing.pl\/index.php?rest_route=\/wp\/v2\/types\/product"}],"wp:featuredmedia":[{"embeddable":true,"href":"https:\/\/kotlinafishing.pl\/index.php?rest_route=\/wp\/v2\/media\/1983"}],"wp:attachment":[{"href":"https:\/\/kotlinafishing.pl\/index.php?rest_route=%2Fwp%2Fv2%2Fmedia&parent=1878"}],"wp:term":[{"taxonomy":"product_brand","embeddable":true,"href":"https:\/\/kotlinafishing.pl\/index.php?rest_route=%2Fwp%2Fv2%2Fproduct_brand&post=1878"},{"taxonomy":"product_cat","embeddable":true,"href":"https:\/\/kotlinafishing.pl\/index.php?rest_route=%2Fwp%2Fv2%2Fproduct_cat&post=1878"},{"taxonomy":"product_tag","embeddable":true,"href":"https:\/\/kotlinafishing.pl\/index.php?rest_route=%2Fwp%2Fv2%2Fproduct_tag&post=1878"}],"curies":[{"name":"wp","href":"https:\/\/api.w.org\/{rel}","templated":true}]}}