{"id":1872,"date":"2025-11-08T08:03:53","date_gmt":"2025-11-08T07:03:53","guid":{"rendered":"http:\/\/kotlinafishing.pl\/?post_type=product&#038;p=1872"},"modified":"2025-11-23T11:55:43","modified_gmt":"2025-11-23T10:55:43","slug":"pojemnik-eva-mikado-mf-pellet-set-pojemnik-z-siatka-18x18x10cm","status":"publish","type":"product","link":"https:\/\/kotlinafishing.pl\/?product=pojemnik-eva-mikado-mf-pellet-set-pojemnik-z-siatka-18x18x10cm","title":{"rendered":"Pojemnik EVA Mikado MF Pellet Set (pojemnik z siatk\u0105) 18x18x10cm"},"content":{"rendered":"<p>Pojemnik EVA wyposa\u017cony w dodatkowe sitko u\u0142atwiaj\u0105ce odpowiednie domoczenie pelletu podczas w\u0119dkowania technik\u0105 Method Feeder. Wystarczy wsypa\u0107 suchy pellet do pojemnika, zala\u0107 wod\u0105 i za pomoc\u0105 sitka ods\u0105czy\u0107 po namoczeniu.<\/p>\n","protected":false},"excerpt":{"rendered":"<p>Pojemnik EVA wyposa\u017cony w dodatkowe sitko u\u0142atwiaj\u0105ce odpowiednie domoczenie pelletu podczas w\u0119dkowania technik\u0105 Method Feeder. Wystarczy wsypa\u0107 suchy pellet do pojemnika, zala\u0107 wod\u0105 i za pomoc\u0105 sitka ods\u0105czy\u0107 po namoczeniu.<\/p>\n","protected":false},"featured_media":1984,"template":"","meta":[],"product_brand":[22],"product_cat":[53,219,19,49],"product_tag":[],"class_list":{"0":"post-1872","1":"product","2":"type-product","3":"status-publish","4":"has-post-thumbnail","6":"product_brand-mikado","7":"product_cat-pojemniki-eva","8":"product_cat-pudelka-na-robaki-i-pellet","9":"product_cat-grunt","10":"product_cat-wiadra-miski-sita","12":"first","13":"instock","14":"shipping-taxable","15":"purchasable","16":"product-type-simple"},"_links":{"self":[{"href":"https:\/\/kotlinafishing.pl\/index.php?rest_route=\/wp\/v2\/product\/1872","targetHints":{"allow":["GET"]}}],"collection":[{"href":"https:\/\/kotlinafishing.pl\/index.php?rest_route=\/wp\/v2\/product"}],"about":[{"href":"https:\/\/kotlinafishing.pl\/index.php?rest_route=\/wp\/v2\/types\/product"}],"wp:featuredmedia":[{"embeddable":true,"href":"https:\/\/kotlinafishing.pl\/index.php?rest_route=\/wp\/v2\/media\/1984"}],"wp:attachment":[{"href":"https:\/\/kotlinafishing.pl\/index.php?rest_route=%2Fwp%2Fv2%2Fmedia&parent=1872"}],"wp:term":[{"taxonomy":"product_brand","embeddable":true,"href":"https:\/\/kotlinafishing.pl\/index.php?rest_route=%2Fwp%2Fv2%2Fproduct_brand&post=1872"},{"taxonomy":"product_cat","embeddable":true,"href":"https:\/\/kotlinafishing.pl\/index.php?rest_route=%2Fwp%2Fv2%2Fproduct_cat&post=1872"},{"taxonomy":"product_tag","embeddable":true,"href":"https:\/\/kotlinafishing.pl\/index.php?rest_route=%2Fwp%2Fv2%2Fproduct_tag&post=1872"}],"curies":[{"name":"wp","href":"https:\/\/api.w.org\/{rel}","templated":true}]}}