{"id":1870,"date":"2025-11-08T07:58:16","date_gmt":"2025-11-08T06:58:16","guid":{"rendered":"http:\/\/kotlinafishing.pl\/?post_type=product&#038;p=1870"},"modified":"2025-11-23T11:58:27","modified_gmt":"2025-11-23T10:58:27","slug":"pudelko-na-przypony-15-25cm-mikado-rig-box","status":"publish","type":"product","link":"https:\/\/kotlinafishing.pl\/?product=pudelko-na-przypony-15-25cm-mikado-rig-box","title":{"rendered":"Pude\u0142ko na przypony 15-25cm Mikado Rig-Box"},"content":{"rendered":"<p>Profesjonalne pude\u0142ko, stosowane w technikach sp\u0142awikowych do przechowywania i transportu gotowych przypon\u00f3w. Specjalna konstrukcja pozwala przechowywa\u0107 gotowe zestawy od 15 do 25cm.<\/p>\n","protected":false},"excerpt":{"rendered":"<p>Profesjonalne pude\u0142ko, stosowane w technikach sp\u0142awikowych do przechowywania i transportu gotowych przypon\u00f3w. Specjalna konstrukcja pozwala przechowywa\u0107 gotowe zestawy od 15 do 25cm.<\/p>\n","protected":false},"featured_media":1991,"template":"","meta":[],"product_brand":[22],"product_cat":[205,220,19],"product_tag":[],"class_list":{"0":"post-1870","1":"product","2":"type-product","3":"status-publish","4":"has-post-thumbnail","6":"product_brand-mikado","7":"product_cat-haczyki-gotowe-przypony","8":"product_cat-pudelka-na-przypony","9":"product_cat-grunt","11":"first","12":"instock","13":"shipping-taxable","14":"purchasable","15":"product-type-simple"},"_links":{"self":[{"href":"https:\/\/kotlinafishing.pl\/index.php?rest_route=\/wp\/v2\/product\/1870","targetHints":{"allow":["GET"]}}],"collection":[{"href":"https:\/\/kotlinafishing.pl\/index.php?rest_route=\/wp\/v2\/product"}],"about":[{"href":"https:\/\/kotlinafishing.pl\/index.php?rest_route=\/wp\/v2\/types\/product"}],"wp:featuredmedia":[{"embeddable":true,"href":"https:\/\/kotlinafishing.pl\/index.php?rest_route=\/wp\/v2\/media\/1991"}],"wp:attachment":[{"href":"https:\/\/kotlinafishing.pl\/index.php?rest_route=%2Fwp%2Fv2%2Fmedia&parent=1870"}],"wp:term":[{"taxonomy":"product_brand","embeddable":true,"href":"https:\/\/kotlinafishing.pl\/index.php?rest_route=%2Fwp%2Fv2%2Fproduct_brand&post=1870"},{"taxonomy":"product_cat","embeddable":true,"href":"https:\/\/kotlinafishing.pl\/index.php?rest_route=%2Fwp%2Fv2%2Fproduct_cat&post=1870"},{"taxonomy":"product_tag","embeddable":true,"href":"https:\/\/kotlinafishing.pl\/index.php?rest_route=%2Fwp%2Fv2%2Fproduct_tag&post=1870"}],"curies":[{"name":"wp","href":"https:\/\/api.w.org\/{rel}","templated":true}]}}