{"id":1866,"date":"2025-11-08T07:53:46","date_gmt":"2025-11-08T06:53:46","guid":{"rendered":"http:\/\/kotlinafishing.pl\/?post_type=product&#038;p=1866"},"modified":"2026-04-13T16:42:40","modified_gmt":"2026-04-13T14:42:40","slug":"pudelko-mikado-do-pelletu-z-sitkiem-i-pokrywka","status":"publish","type":"product","link":"https:\/\/kotlinafishing.pl\/?product=pudelko-mikado-do-pelletu-z-sitkiem-i-pokrywka","title":{"rendered":"Pude\u0142ko Mikado do pelletu z sitkiem i pokrywk\u0105"},"content":{"rendered":"<p>Zamykane pude\u0142ko z sitkiem przeznaczone g\u0142\u00f3wnie do namaczania pelletu, ale r\u00f3wnie\u017c \u015bwietnie sprawdzi si\u0119 w przechowywaniu rozrobionej zan\u0119ty, przetrzymywaniu robak\u00f3w w wodzie, czy przesiewaniu ochotki. Dost\u0119pne w trzech rozmiarach.<\/p>\n","protected":false},"excerpt":{"rendered":"<p>Zamykane pude\u0142ko z sitkiem przeznaczone g\u0142\u00f3wnie do namaczania pelletu, ale r\u00f3wnie\u017c \u015bwietnie sprawdzi si\u0119 w przechowywaniu rozrobionej zan\u0119ty, przetrzymywaniu robak\u00f3w w wodzie, czy przesiewaniu ochotki. Dost\u0119pne w trzech rozmiarach.<\/p>\n","protected":false},"featured_media":1995,"template":"","meta":[],"product_brand":[22],"product_cat":[219,19,49],"product_tag":[],"class_list":{"0":"post-1866","1":"product","2":"type-product","3":"status-publish","4":"has-post-thumbnail","6":"product_brand-mikado","7":"product_cat-pudelka-na-robaki-i-pellet","8":"product_cat-grunt","9":"product_cat-wiadra-miski-sita","11":"first","12":"instock","13":"shipping-taxable","14":"purchasable","15":"product-type-variable"},"_links":{"self":[{"href":"https:\/\/kotlinafishing.pl\/index.php?rest_route=\/wp\/v2\/product\/1866","targetHints":{"allow":["GET"]}}],"collection":[{"href":"https:\/\/kotlinafishing.pl\/index.php?rest_route=\/wp\/v2\/product"}],"about":[{"href":"https:\/\/kotlinafishing.pl\/index.php?rest_route=\/wp\/v2\/types\/product"}],"wp:featuredmedia":[{"embeddable":true,"href":"https:\/\/kotlinafishing.pl\/index.php?rest_route=\/wp\/v2\/media\/1995"}],"wp:attachment":[{"href":"https:\/\/kotlinafishing.pl\/index.php?rest_route=%2Fwp%2Fv2%2Fmedia&parent=1866"}],"wp:term":[{"taxonomy":"product_brand","embeddable":true,"href":"https:\/\/kotlinafishing.pl\/index.php?rest_route=%2Fwp%2Fv2%2Fproduct_brand&post=1866"},{"taxonomy":"product_cat","embeddable":true,"href":"https:\/\/kotlinafishing.pl\/index.php?rest_route=%2Fwp%2Fv2%2Fproduct_cat&post=1866"},{"taxonomy":"product_tag","embeddable":true,"href":"https:\/\/kotlinafishing.pl\/index.php?rest_route=%2Fwp%2Fv2%2Fproduct_tag&post=1866"}],"curies":[{"name":"wp","href":"https:\/\/api.w.org\/{rel}","templated":true}]}}