{"id":1861,"date":"2025-11-08T07:10:50","date_gmt":"2025-11-08T06:10:50","guid":{"rendered":"http:\/\/kotlinafishing.pl\/?post_type=product&#038;p=1861"},"modified":"2025-11-23T12:01:41","modified_gmt":"2025-11-23T11:01:41","slug":"torba-plecak-mikado-chestpack-active-42x27cm","status":"publish","type":"product","link":"https:\/\/kotlinafishing.pl\/?product=torba-plecak-mikado-chestpack-active-42x27cm","title":{"rendered":"Torba, plecak Mikado Chestpack Active (42x27cm)"},"content":{"rendered":"<p>Ka\u017cdy, kto kiedykolwiek spr\u00f3bowa\u0142 \u0142owienia z tego typ rozwi\u0105zaniem wie, \u017ce funkcjonalno\u015b\u0107 jest na najwy\u017cszym poziomie. W naszym nowym cheastpaku zastosowali\u015bmy wiele rozwi\u0105za\u0144 u\u0142atwiaj\u0105cych \u017cycie ka\u017cdemu spinningi\u015bcie czy muszkarzowi. Dwie du\u017ce kieszenie z przodu mieszcz\u0105ce z powodzeniem najpopularniejszych rozmiar\u00f3w pude\u0142ka, dodatkowo jedna z nich zosta\u0142a wyposa\u017cona w piank\u0119, w kt\u00f3r\u0105 mo\u017cemy wpi\u0105\u0107 najcz\u0119\u015bciej u\u017cywane przyn\u0119ty. Dodatkowa usztywniana kiesze\u0144 pomie\u015bci dokumenty, akcesoria a nawet niewielkich rozmiar\u00f3w aparat. Ca\u0142o\u015bci dope\u0142niaj\u0105 dwie specjalne spr\u0119\u017cyny do kt\u00f3rych mo\u017cemy przymocowa\u0107 szczypce czy obcinaczk\u0119. Zaraz, zaraz, ale to dopiero prz\u00f3d. <strong>Cheastpack M-bag Active<\/strong> jest wyposa\u017cony dodatkowo w plecak, do kt\u00f3rego zmie\u015bcimy m.in. kurtk\u0119 czy butelk\u0119 wody. Niew\u0105tpliwym atutem jest fakt, \u017ce obydwie cz\u0119\u015bci mo\u017cemy u\u017cywa\u0107 jako zestaw, jak i niezale\u017cnie. Rozwi\u0105zanie to jest doskona\u0142\u0105 alternatyw\u0105 dla kamizelki i jeste\u015bmy przekonani, \u017ce znajdzie swoje miejsce w szafie niejednego aktywnego w\u0119dkarza.<\/p>\n","protected":false},"excerpt":{"rendered":"<p>Ka\u017cdy, kto kiedykolwiek spr\u00f3bowa\u0142 \u0142owienia z tego typ rozwi\u0105zaniem wie, \u017ce funkcjonalno\u015b\u0107 jest na najwy\u017cszym poziomie. W naszym nowym cheastpaku zastosowali\u015bmy wiele rozwi\u0105za\u0144 u\u0142atwiaj\u0105cych \u017cycie ka\u017cdemu spinningi\u015bcie czy muszkarzowi. Dwie du\u017ce kieszenie z przodu mieszcz\u0105ce z powodzeniem najpopularniejszych rozmiar\u00f3w pude\u0142ka, dodatkowo jedna z nich zosta\u0142a wyposa\u017cona w piank\u0119, w kt\u00f3r\u0105 mo\u017cemy wpi\u0105\u0107 najcz\u0119\u015bciej u\u017cywane przyn\u0119ty. Dodatkowa usztywniana kiesze\u0144 pomie\u015bci dokumenty, akcesoria a nawet niewielkich rozmiar\u00f3w aparat. Ca\u0142o\u015bci dope\u0142niaj\u0105 dwie specjalne spr\u0119\u017cyny do kt\u00f3rych mo\u017cemy przymocowa\u0107 szczypce czy obcinaczk\u0119. Zaraz, zaraz, ale to dopiero prz\u00f3d. <strong>Cheastpack M-bag Active<\/strong> jest wyposa\u017cony dodatkowo w plecak, do kt\u00f3rego zmie\u015bcimy m.in. kurtk\u0119 czy butelk\u0119 wody. Niew\u0105tpliwym atutem jest fakt, \u017ce obydwie cz\u0119\u015bci mo\u017cemy u\u017cywa\u0107 jako zestaw, jak i niezale\u017cnie. Rozwi\u0105zanie to jest doskona\u0142\u0105 alternatyw\u0105 dla kamizelki i jeste\u015bmy przekonani, \u017ce znajdzie swoje miejsce w szafie niejednego aktywnego w\u0119dkarza.<\/p>\n","protected":false},"featured_media":2000,"template":"","meta":[],"product_brand":[22],"product_cat":[218,21],"product_tag":[],"class_list":{"0":"post-1861","1":"product","2":"type-product","3":"status-publish","4":"has-post-thumbnail","6":"product_brand-mikado","7":"product_cat-torby-i-plecaki-spinningowe","8":"product_cat-spinning","10":"first","11":"instock","12":"shipping-taxable","13":"purchasable","14":"product-type-simple"},"_links":{"self":[{"href":"https:\/\/kotlinafishing.pl\/index.php?rest_route=\/wp\/v2\/product\/1861","targetHints":{"allow":["GET"]}}],"collection":[{"href":"https:\/\/kotlinafishing.pl\/index.php?rest_route=\/wp\/v2\/product"}],"about":[{"href":"https:\/\/kotlinafishing.pl\/index.php?rest_route=\/wp\/v2\/types\/product"}],"wp:featuredmedia":[{"embeddable":true,"href":"https:\/\/kotlinafishing.pl\/index.php?rest_route=\/wp\/v2\/media\/2000"}],"wp:attachment":[{"href":"https:\/\/kotlinafishing.pl\/index.php?rest_route=%2Fwp%2Fv2%2Fmedia&parent=1861"}],"wp:term":[{"taxonomy":"product_brand","embeddable":true,"href":"https:\/\/kotlinafishing.pl\/index.php?rest_route=%2Fwp%2Fv2%2Fproduct_brand&post=1861"},{"taxonomy":"product_cat","embeddable":true,"href":"https:\/\/kotlinafishing.pl\/index.php?rest_route=%2Fwp%2Fv2%2Fproduct_cat&post=1861"},{"taxonomy":"product_tag","embeddable":true,"href":"https:\/\/kotlinafishing.pl\/index.php?rest_route=%2Fwp%2Fv2%2Fproduct_tag&post=1861"}],"curies":[{"name":"wp","href":"https:\/\/api.w.org\/{rel}","templated":true}]}}