{"id":1849,"date":"2025-11-08T06:23:00","date_gmt":"2025-11-08T05:23:00","guid":{"rendered":"http:\/\/kotlinafishing.pl\/?post_type=product&#038;p=1849"},"modified":"2025-11-08T06:29:34","modified_gmt":"2025-11-08T05:29:34","slug":"szczypce-proste-delphin","status":"publish","type":"product","link":"https:\/\/kotlinafishing.pl\/?product=szczypce-proste-delphin","title":{"rendered":"Szczypce proste Delphin"},"content":{"rendered":"<p>Podstawowe narz\u0119dzie rybackie, kt\u00f3re s\u0142u\u017cy do delikatnego zwolnienia haczyka z pyska ryby.<\/p>\n","protected":false},"excerpt":{"rendered":"<p>Podstawowe narz\u0119dzie rybackie, kt\u00f3re s\u0142u\u017cy do delikatnego zwolnienia haczyka z pyska ryby.<\/p>\n","protected":false},"featured_media":1857,"template":"","meta":[],"product_brand":[97],"product_cat":[210,211,21],"product_tag":[],"class_list":{"0":"post-1849","1":"product","2":"type-product","3":"status-publish","4":"has-post-thumbnail","6":"product_brand-delphin","7":"product_cat-narzedzia-wedkarskie","8":"product_cat-szczypce","9":"product_cat-spinning","11":"first","12":"instock","13":"shipping-taxable","14":"purchasable","15":"product-type-variable"},"_links":{"self":[{"href":"https:\/\/kotlinafishing.pl\/index.php?rest_route=\/wp\/v2\/product\/1849","targetHints":{"allow":["GET"]}}],"collection":[{"href":"https:\/\/kotlinafishing.pl\/index.php?rest_route=\/wp\/v2\/product"}],"about":[{"href":"https:\/\/kotlinafishing.pl\/index.php?rest_route=\/wp\/v2\/types\/product"}],"wp:featuredmedia":[{"embeddable":true,"href":"https:\/\/kotlinafishing.pl\/index.php?rest_route=\/wp\/v2\/media\/1857"}],"wp:attachment":[{"href":"https:\/\/kotlinafishing.pl\/index.php?rest_route=%2Fwp%2Fv2%2Fmedia&parent=1849"}],"wp:term":[{"taxonomy":"product_brand","embeddable":true,"href":"https:\/\/kotlinafishing.pl\/index.php?rest_route=%2Fwp%2Fv2%2Fproduct_brand&post=1849"},{"taxonomy":"product_cat","embeddable":true,"href":"https:\/\/kotlinafishing.pl\/index.php?rest_route=%2Fwp%2Fv2%2Fproduct_cat&post=1849"},{"taxonomy":"product_tag","embeddable":true,"href":"https:\/\/kotlinafishing.pl\/index.php?rest_route=%2Fwp%2Fv2%2Fproduct_tag&post=1849"}],"curies":[{"name":"wp","href":"https:\/\/api.w.org\/{rel}","templated":true}]}}