{"id":1788,"date":"2025-11-04T17:17:36","date_gmt":"2025-11-04T16:17:36","guid":{"rendered":"http:\/\/kotlinafishing.pl\/?post_type=product&#038;p=1788"},"modified":"2026-03-28T10:36:43","modified_gmt":"2026-03-28T09:36:43","slug":"przypony-method-feeder-mikado-mf14b-zylka-gumka-bez-zadziora","status":"publish","type":"product","link":"https:\/\/kotlinafishing.pl\/?product=przypony-method-feeder-mikado-mf14b-zylka-gumka-bez-zadziora","title":{"rendered":"Przypony Method Feeder Mikado MF14B \/ \u017cy\u0142ka \/ gumka (bez zadziora)"},"content":{"rendered":"<p>Bezzadziorowa wersja najmocniejszych przypon\u00f3w w naszej ofercie. Niezwykle wytrzyma\u0142e i agresywne haki <strong>MF14<\/strong>, uwi\u0105zane na plecionce lub \u017cy\u0142ce. Zako\u0144czone gumk\u0105.<\/p>\n<p><strong>D\u0142ugo\u015b\u0107:\u00a0<\/strong>10cm<\/p>\n","protected":false},"excerpt":{"rendered":"<p>Bezzadziorowa wersja najmocniejszych przypon\u00f3w w naszej ofercie. Niezwykle wytrzyma\u0142e i agresywne haki <strong>MF14<\/strong>, uwi\u0105zane na plecionce lub \u017cy\u0142ce. Zako\u0144czone gumk\u0105.<\/p>\n","protected":false},"featured_media":1790,"template":"","meta":[],"product_brand":[22],"product_cat":[68,205,19],"product_tag":[],"class_list":{"0":"post-1788","1":"product","2":"type-product","3":"status-publish","4":"has-post-thumbnail","6":"product_brand-mikado","7":"product_cat-gotowe-przypony","8":"product_cat-haczyki-gotowe-przypony","9":"product_cat-grunt","11":"first","12":"instock","13":"shipping-taxable","14":"purchasable","15":"product-type-variable"},"_links":{"self":[{"href":"https:\/\/kotlinafishing.pl\/index.php?rest_route=\/wp\/v2\/product\/1788","targetHints":{"allow":["GET"]}}],"collection":[{"href":"https:\/\/kotlinafishing.pl\/index.php?rest_route=\/wp\/v2\/product"}],"about":[{"href":"https:\/\/kotlinafishing.pl\/index.php?rest_route=\/wp\/v2\/types\/product"}],"wp:featuredmedia":[{"embeddable":true,"href":"https:\/\/kotlinafishing.pl\/index.php?rest_route=\/wp\/v2\/media\/1790"}],"wp:attachment":[{"href":"https:\/\/kotlinafishing.pl\/index.php?rest_route=%2Fwp%2Fv2%2Fmedia&parent=1788"}],"wp:term":[{"taxonomy":"product_brand","embeddable":true,"href":"https:\/\/kotlinafishing.pl\/index.php?rest_route=%2Fwp%2Fv2%2Fproduct_brand&post=1788"},{"taxonomy":"product_cat","embeddable":true,"href":"https:\/\/kotlinafishing.pl\/index.php?rest_route=%2Fwp%2Fv2%2Fproduct_cat&post=1788"},{"taxonomy":"product_tag","embeddable":true,"href":"https:\/\/kotlinafishing.pl\/index.php?rest_route=%2Fwp%2Fv2%2Fproduct_tag&post=1788"}],"curies":[{"name":"wp","href":"https:\/\/api.w.org\/{rel}","templated":true}]}}