{"id":1568,"date":"2025-11-02T16:02:28","date_gmt":"2025-11-02T15:02:28","guid":{"rendered":"http:\/\/kotlinafishing.pl\/?post_type=product&#038;p=1568"},"modified":"2025-11-03T15:12:27","modified_gmt":"2025-11-03T14:12:27","slug":"splawik-team-black-whip-matchpro","status":"publish","type":"product","link":"https:\/\/kotlinafishing.pl\/?product=splawik-team-black-whip-matchpro","title":{"rendered":"Sp\u0142awik Team Black Whip MatchPro"},"content":{"rendered":"<p>\u015awietny sp\u0142awik dedykowany do po\u0142owu metod\u0105 pe\u0142nego zestawu, czyli bata. Ten model doceni\u0105 w\u0119dkarze \u0142owi\u0105cy szybko\u015bciowo ryby. Mocna konstrukcja, czu\u0142a antena oraz optymalna d\u0142ugo\u015b\u0107 pozwalaj\u0105ca na szybkie ustawienia si\u0119 zestawu w wodzie to mocne strony tego sp\u0142awika.<\/p>\n","protected":false},"excerpt":{"rendered":"<p>\u015awietny sp\u0142awik dedykowany do po\u0142owu metod\u0105 pe\u0142nego zestawu, czyli bata. Ten model doceni\u0105 w\u0119dkarze \u0142owi\u0105cy szybko\u015bciowo ryby. Mocna konstrukcja, czu\u0142a antena oraz optymalna d\u0142ugo\u015b\u0107 pozwalaj\u0105ca na szybkie ustawienia si\u0119 zestawu w wodzie to mocne strony tego sp\u0142awika.<\/p>\n","protected":false},"featured_media":1570,"template":"","meta":[],"product_brand":[24],"product_cat":[116,118,18],"product_tag":[],"class_list":{"0":"post-1568","1":"product","2":"type-product","3":"status-publish","4":"has-post-thumbnail","6":"product_brand-matchpro","7":"product_cat-splawiki","8":"product_cat-splawiki-do-bata-i-tyczki","9":"product_cat-splawik","11":"first","12":"instock","13":"shipping-taxable","14":"purchasable","15":"product-type-variable"},"_links":{"self":[{"href":"https:\/\/kotlinafishing.pl\/index.php?rest_route=\/wp\/v2\/product\/1568","targetHints":{"allow":["GET"]}}],"collection":[{"href":"https:\/\/kotlinafishing.pl\/index.php?rest_route=\/wp\/v2\/product"}],"about":[{"href":"https:\/\/kotlinafishing.pl\/index.php?rest_route=\/wp\/v2\/types\/product"}],"wp:featuredmedia":[{"embeddable":true,"href":"https:\/\/kotlinafishing.pl\/index.php?rest_route=\/wp\/v2\/media\/1570"}],"wp:attachment":[{"href":"https:\/\/kotlinafishing.pl\/index.php?rest_route=%2Fwp%2Fv2%2Fmedia&parent=1568"}],"wp:term":[{"taxonomy":"product_brand","embeddable":true,"href":"https:\/\/kotlinafishing.pl\/index.php?rest_route=%2Fwp%2Fv2%2Fproduct_brand&post=1568"},{"taxonomy":"product_cat","embeddable":true,"href":"https:\/\/kotlinafishing.pl\/index.php?rest_route=%2Fwp%2Fv2%2Fproduct_cat&post=1568"},{"taxonomy":"product_tag","embeddable":true,"href":"https:\/\/kotlinafishing.pl\/index.php?rest_route=%2Fwp%2Fv2%2Fproduct_tag&post=1568"}],"curies":[{"name":"wp","href":"https:\/\/api.w.org\/{rel}","templated":true}]}}