{"id":1566,"date":"2025-11-02T16:01:27","date_gmt":"2025-11-02T15:01:27","guid":{"rendered":"http:\/\/kotlinafishing.pl\/?post_type=product&#038;p=1566"},"modified":"2025-11-03T15:32:55","modified_gmt":"2025-11-03T14:32:55","slug":"splawik-team-black-carp-classic-matchpro","status":"publish","type":"product","link":"https:\/\/kotlinafishing.pl\/?product=splawik-team-black-carp-classic-matchpro","title":{"rendered":"Sp\u0142awik Team Black Carp Classic MatchPro"},"content":{"rendered":"<p>Klasyczny mocny sp\u0142awik do po\u0142owu du\u017cych ryb w \u0142owiskach komercyjnych. Sp\u0142awik dedykowany do po\u0142owu skr\u00f3conym zestawem \u2013 tyczk\u0105. Sp\u0142awikiem mo\u017cemy bardzo precyzyjnie sterowa\u0107 dzi\u0119ki w\u0119glowemu kilowi. Pusta plastikowa antena daje nam komfort widoczno\u015bci nawet przy po\u0142owach na ci\u0119\u017ckie przyn\u0119ty (kukurydza, pellet).<\/p>\n","protected":false},"excerpt":{"rendered":"<p>Klasyczny mocny sp\u0142awik do po\u0142owu du\u017cych ryb w \u0142owiskach komercyjnych. Sp\u0142awik dedykowany do po\u0142owu skr\u00f3conym zestawem \u2013 tyczk\u0105. Sp\u0142awikiem mo\u017cemy bardzo precyzyjnie sterowa\u0107 dzi\u0119ki w\u0119glowemu kilowi. Pusta plastikowa antena daje nam komfort widoczno\u015bci nawet przy po\u0142owach na ci\u0119\u017ckie przyn\u0119ty (kukurydza, pellet).<\/p>\n","protected":false},"featured_media":1567,"template":"","meta":[],"product_brand":[24],"product_cat":[116,118,18],"product_tag":[],"class_list":{"0":"post-1566","1":"product","2":"type-product","3":"status-publish","4":"has-post-thumbnail","6":"product_brand-matchpro","7":"product_cat-splawiki","8":"product_cat-splawiki-do-bata-i-tyczki","9":"product_cat-splawik","11":"first","12":"instock","13":"shipping-taxable","14":"purchasable","15":"product-type-variable"},"_links":{"self":[{"href":"https:\/\/kotlinafishing.pl\/index.php?rest_route=\/wp\/v2\/product\/1566","targetHints":{"allow":["GET"]}}],"collection":[{"href":"https:\/\/kotlinafishing.pl\/index.php?rest_route=\/wp\/v2\/product"}],"about":[{"href":"https:\/\/kotlinafishing.pl\/index.php?rest_route=\/wp\/v2\/types\/product"}],"wp:featuredmedia":[{"embeddable":true,"href":"https:\/\/kotlinafishing.pl\/index.php?rest_route=\/wp\/v2\/media\/1567"}],"wp:attachment":[{"href":"https:\/\/kotlinafishing.pl\/index.php?rest_route=%2Fwp%2Fv2%2Fmedia&parent=1566"}],"wp:term":[{"taxonomy":"product_brand","embeddable":true,"href":"https:\/\/kotlinafishing.pl\/index.php?rest_route=%2Fwp%2Fv2%2Fproduct_brand&post=1566"},{"taxonomy":"product_cat","embeddable":true,"href":"https:\/\/kotlinafishing.pl\/index.php?rest_route=%2Fwp%2Fv2%2Fproduct_cat&post=1566"},{"taxonomy":"product_tag","embeddable":true,"href":"https:\/\/kotlinafishing.pl\/index.php?rest_route=%2Fwp%2Fv2%2Fproduct_tag&post=1566"}],"curies":[{"name":"wp","href":"https:\/\/api.w.org\/{rel}","templated":true}]}}