{"id":1562,"date":"2025-11-02T15:57:23","date_gmt":"2025-11-02T14:57:23","guid":{"rendered":"http:\/\/kotlinafishing.pl\/?post_type=product&#038;p=1562"},"modified":"2025-11-03T15:21:24","modified_gmt":"2025-11-03T14:21:24","slug":"splawik-team-black-river-matchpro","status":"publish","type":"product","link":"https:\/\/kotlinafishing.pl\/?product=splawik-team-black-river-matchpro","title":{"rendered":"Sp\u0142awik Team Black River MatchPro"},"content":{"rendered":"<p>Znakomitej jako\u015bci zawodniczy sp\u0142awik do \u0142owienia w wodach bie\u017c\u0105cych. Zaprojektowany przez Team Matchpro, idealne sprawdzi si\u0119 do kontrolowanego i mocnego przytrzymania w rzekach. Posiada przej\u015bcie przez korpus dla zwi\u0119kszenia precyzji \u0142owienia a zarazem zwi\u0119ksza jego odporno\u015b\u0107 na rzeczne przeci\u0105\u017cenia. Mocna konstrukcja pozwala na bezproblemowe u\u017cytkowanie przez wiele lat. Czu\u0142a antena pokazuje ka\u017cde branie! TEAM BLACK RIVER to obowi\u0105zkowe narz\u0119dzie ka\u017cdego w\u0119dkarza rzecznego!<\/p>\n","protected":false},"excerpt":{"rendered":"<p>Znakomitej jako\u015bci zawodniczy sp\u0142awik do \u0142owienia w wodach bie\u017c\u0105cych. Zaprojektowany przez Team Matchpro, idealne sprawdzi si\u0119 do kontrolowanego i mocnego przytrzymania w rzekach. Posiada przej\u015bcie przez korpus dla zwi\u0119kszenia precyzji \u0142owienia a zarazem zwi\u0119ksza jego odporno\u015b\u0107 na rzeczne przeci\u0105\u017cenia. Mocna konstrukcja pozwala na bezproblemowe u\u017cytkowanie przez wiele lat. Czu\u0142a antena pokazuje ka\u017cde branie! TEAM BLACK RIVER to obowi\u0105zkowe narz\u0119dzie ka\u017cdego w\u0119dkarza rzecznego!<\/p>\n","protected":false},"featured_media":1563,"template":"","meta":[],"product_brand":[24],"product_cat":[116,118,18],"product_tag":[],"class_list":{"0":"post-1562","1":"product","2":"type-product","3":"status-publish","4":"has-post-thumbnail","6":"product_brand-matchpro","7":"product_cat-splawiki","8":"product_cat-splawiki-do-bata-i-tyczki","9":"product_cat-splawik","11":"first","12":"instock","13":"shipping-taxable","14":"purchasable","15":"product-type-variable"},"_links":{"self":[{"href":"https:\/\/kotlinafishing.pl\/index.php?rest_route=\/wp\/v2\/product\/1562","targetHints":{"allow":["GET"]}}],"collection":[{"href":"https:\/\/kotlinafishing.pl\/index.php?rest_route=\/wp\/v2\/product"}],"about":[{"href":"https:\/\/kotlinafishing.pl\/index.php?rest_route=\/wp\/v2\/types\/product"}],"wp:featuredmedia":[{"embeddable":true,"href":"https:\/\/kotlinafishing.pl\/index.php?rest_route=\/wp\/v2\/media\/1563"}],"wp:attachment":[{"href":"https:\/\/kotlinafishing.pl\/index.php?rest_route=%2Fwp%2Fv2%2Fmedia&parent=1562"}],"wp:term":[{"taxonomy":"product_brand","embeddable":true,"href":"https:\/\/kotlinafishing.pl\/index.php?rest_route=%2Fwp%2Fv2%2Fproduct_brand&post=1562"},{"taxonomy":"product_cat","embeddable":true,"href":"https:\/\/kotlinafishing.pl\/index.php?rest_route=%2Fwp%2Fv2%2Fproduct_cat&post=1562"},{"taxonomy":"product_tag","embeddable":true,"href":"https:\/\/kotlinafishing.pl\/index.php?rest_route=%2Fwp%2Fv2%2Fproduct_tag&post=1562"}],"curies":[{"name":"wp","href":"https:\/\/api.w.org\/{rel}","templated":true}]}}