{"id":1445,"date":"2025-10-30T19:36:31","date_gmt":"2025-10-30T18:36:31","guid":{"rendered":"http:\/\/kotlinafishing.pl\/?post_type=product&#038;p=1445"},"modified":"2026-03-28T11:23:41","modified_gmt":"2026-03-28T10:23:41","slug":"mikado-sicario","status":"publish","type":"product","link":"https:\/\/kotlinafishing.pl\/?product=mikado-sicario","title":{"rendered":"Mikado Sicario 10,5cm 1szt."},"content":{"rendered":"<p>Realistyczny wygl\u0105d, intensywna praca ogona i wyra\u017ane luterkowanie korpusu sprawiaj\u0105, \u017ce przyn\u0119ta mi\u0119kka <strong>Sicario<\/strong> sprawdzi si\u0119 przy po\u0142owie r\u00f3\u017cnych gatunk\u00f3w ryb drapie\u017cnych. Mniejsze rozmiary kusz\u0105 okonie i sandacze, wi\u0119ksze to idealna bro\u0144 na szczupaki.<\/p>\n<p><strong>Sprzedawane na sztuki.<\/strong><\/p>\n","protected":false},"excerpt":{"rendered":"<p>Realistyczny wygl\u0105d, intensywna praca ogona i wyra\u017ane luterkowanie korpusu sprawiaj\u0105, \u017ce przyn\u0119ta mi\u0119kka <strong>Sicario<\/strong> sprawdzi si\u0119 przy po\u0142owie r\u00f3\u017cnych gatunk\u00f3w ryb drapie\u017cnych. Mniejsze rozmiary kusz\u0105 okonie i sandacze, wi\u0119ksze to idealna bro\u0144 na szczupaki.<\/p>\n<p><strong>Sprzedawane na sztuki.<\/strong><\/p>\n","protected":false},"featured_media":1450,"template":"","meta":[],"product_brand":[22],"product_cat":[195,196,194,21],"product_tag":[],"class_list":{"0":"post-1445","1":"product","2":"type-product","3":"status-publish","4":"has-post-thumbnail","6":"product_brand-mikado","7":"product_cat-gumy","8":"product_cat-kopyta","9":"product_cat-przynety-spinningowe","10":"product_cat-spinning","11":"pa_dlugosc-105cm","12":"pa_marka-mikado","14":"first","15":"instock","16":"shipping-taxable","17":"purchasable","18":"product-type-variable"},"_links":{"self":[{"href":"https:\/\/kotlinafishing.pl\/index.php?rest_route=\/wp\/v2\/product\/1445","targetHints":{"allow":["GET"]}}],"collection":[{"href":"https:\/\/kotlinafishing.pl\/index.php?rest_route=\/wp\/v2\/product"}],"about":[{"href":"https:\/\/kotlinafishing.pl\/index.php?rest_route=\/wp\/v2\/types\/product"}],"wp:featuredmedia":[{"embeddable":true,"href":"https:\/\/kotlinafishing.pl\/index.php?rest_route=\/wp\/v2\/media\/1450"}],"wp:attachment":[{"href":"https:\/\/kotlinafishing.pl\/index.php?rest_route=%2Fwp%2Fv2%2Fmedia&parent=1445"}],"wp:term":[{"taxonomy":"product_brand","embeddable":true,"href":"https:\/\/kotlinafishing.pl\/index.php?rest_route=%2Fwp%2Fv2%2Fproduct_brand&post=1445"},{"taxonomy":"product_cat","embeddable":true,"href":"https:\/\/kotlinafishing.pl\/index.php?rest_route=%2Fwp%2Fv2%2Fproduct_cat&post=1445"},{"taxonomy":"product_tag","embeddable":true,"href":"https:\/\/kotlinafishing.pl\/index.php?rest_route=%2Fwp%2Fv2%2Fproduct_tag&post=1445"}],"curies":[{"name":"wp","href":"https:\/\/api.w.org\/{rel}","templated":true}]}}