{"id":1290,"date":"2025-10-22T10:39:36","date_gmt":"2025-10-22T08:39:36","guid":{"rendered":"http:\/\/kotlinafishing.pl\/?post_type=product&#038;p=1290"},"modified":"2025-10-30T18:48:02","modified_gmt":"2025-10-30T17:48:02","slug":"haki-drop-shot-sensual-mikado-10szt","status":"publish","type":"product","link":"https:\/\/kotlinafishing.pl\/?product=haki-drop-shot-sensual-mikado-10szt","title":{"rendered":"Haki Drop Shot Sensual Mikado (10szt.)"},"content":{"rendered":"<p>Wysokiej jako\u015bci kute haczyki stworzone do \u0142owienia drapie\u017cnik\u00f3w metod\u0105 Drop Shot. Niezwykle ostry i precyzyjnie wykonany grot, ostrzony chemicznie, umo\u017cliwia pewne zaci\u0119cie i skuteczny hol, nawet ryby z twardym pyskiem, takiej jak sandacz.<br \/>\n<strong>Pakowane po 10szt.<\/strong><\/p>\n","protected":false},"excerpt":{"rendered":"<p>Wysokiej jako\u015bci kute haczyki stworzone do \u0142owienia drapie\u017cnik\u00f3w metod\u0105 Drop Shot. Niezwykle ostry i precyzyjnie wykonany grot, ostrzony chemicznie, umo\u017cliwia pewne zaci\u0119cie i skuteczny hol, nawet ryby z twardym pyskiem, takiej jak sandacz.<br \/>\n<strong>Pakowane po 10szt.<\/strong><\/p>\n","protected":false},"featured_media":1401,"template":"","meta":[],"product_brand":[22],"product_cat":[165,167,21],"product_tag":[],"class_list":{"0":"post-1290","1":"product","2":"type-product","3":"status-publish","4":"has-post-thumbnail","6":"product_brand-mikado","7":"product_cat-glowki-jigowe-haczyki-kotwiczki-dozbrojki","8":"product_cat-haczyki-spinningowe","9":"product_cat-spinning","11":"first","12":"instock","13":"shipping-taxable","14":"purchasable","15":"product-type-variable"},"_links":{"self":[{"href":"https:\/\/kotlinafishing.pl\/index.php?rest_route=\/wp\/v2\/product\/1290","targetHints":{"allow":["GET"]}}],"collection":[{"href":"https:\/\/kotlinafishing.pl\/index.php?rest_route=\/wp\/v2\/product"}],"about":[{"href":"https:\/\/kotlinafishing.pl\/index.php?rest_route=\/wp\/v2\/types\/product"}],"wp:featuredmedia":[{"embeddable":true,"href":"https:\/\/kotlinafishing.pl\/index.php?rest_route=\/wp\/v2\/media\/1401"}],"wp:attachment":[{"href":"https:\/\/kotlinafishing.pl\/index.php?rest_route=%2Fwp%2Fv2%2Fmedia&parent=1290"}],"wp:term":[{"taxonomy":"product_brand","embeddable":true,"href":"https:\/\/kotlinafishing.pl\/index.php?rest_route=%2Fwp%2Fv2%2Fproduct_brand&post=1290"},{"taxonomy":"product_cat","embeddable":true,"href":"https:\/\/kotlinafishing.pl\/index.php?rest_route=%2Fwp%2Fv2%2Fproduct_cat&post=1290"},{"taxonomy":"product_tag","embeddable":true,"href":"https:\/\/kotlinafishing.pl\/index.php?rest_route=%2Fwp%2Fv2%2Fproduct_tag&post=1290"}],"curies":[{"name":"wp","href":"https:\/\/api.w.org\/{rel}","templated":true}]}}