{"id":1279,"date":"2025-10-22T10:21:16","date_gmt":"2025-10-22T08:21:16","guid":{"rendered":"http:\/\/kotlinafishing.pl\/?post_type=product&#038;p=1279"},"modified":"2025-11-02T09:03:10","modified_gmt":"2025-11-02T08:03:10","slug":"kretlik-krzyzowy-t-delphin-10szt","status":"publish","type":"product","link":"https:\/\/kotlinafishing.pl\/?product=kretlik-krzyzowy-t-delphin-10szt","title":{"rendered":"Kr\u0119tlik krzy\u017cowy T Delphin (10szt.)"},"content":{"rendered":"<p>Wszechstronny kr\u0119tlik do r\u00f3\u017cnego rodzaju zestaw\u00f3w. Ten kr\u0119tlik pomo\u017ce ci przymocowa\u0107 \u017cy\u0142k\u0119 lub plecionk\u0119, a tak\u017ce wykona\u0107 r\u00f3\u017cne zaciski za pomoc\u0105 jednego lub dw\u00f3ch zestaw\u00f3w. Charakteryzuje si\u0119 wysok\u0105 no\u015bno\u015bci\u0105 i du\u017c\u0105 wytrzyma\u0142o\u015bci\u0105.<\/p>\n<p><strong>Pakowane po 10szt.<\/strong><\/p>\n","protected":false},"excerpt":{"rendered":"<p>Wszechstronny kr\u0119tlik do r\u00f3\u017cnego rodzaju zestaw\u00f3w. Ten kr\u0119tlik pomo\u017ce ci przymocowa\u0107 \u017cy\u0142k\u0119 lub plecionk\u0119, a tak\u017ce wykona\u0107 r\u00f3\u017cne zaciski za pomoc\u0105 jednego lub dw\u00f3ch zestaw\u00f3w. Charakteryzuje si\u0119 wysok\u0105 no\u015bno\u015bci\u0105 i du\u017c\u0105 wytrzyma\u0142o\u015bci\u0105.<\/p>\n<p><strong>Pakowane po 10szt.<\/strong><\/p>\n","protected":false},"featured_media":1516,"template":"","meta":[],"product_brand":[97],"product_cat":[70,186,189,73,19,21],"product_tag":[],"class_list":{"0":"post-1279","1":"product","2":"type-product","3":"status-publish","4":"has-post-thumbnail","6":"product_brand-delphin","7":"product_cat-akcesoria","8":"product_cat-akcesoria-spinningowe","9":"product_cat-kretliki-akcesoria-spinningowe","10":"product_cat-kretliki","11":"product_cat-grunt","12":"product_cat-spinning","14":"first","15":"instock","16":"shipping-taxable","17":"purchasable","18":"product-type-variable"},"_links":{"self":[{"href":"https:\/\/kotlinafishing.pl\/index.php?rest_route=\/wp\/v2\/product\/1279","targetHints":{"allow":["GET"]}}],"collection":[{"href":"https:\/\/kotlinafishing.pl\/index.php?rest_route=\/wp\/v2\/product"}],"about":[{"href":"https:\/\/kotlinafishing.pl\/index.php?rest_route=\/wp\/v2\/types\/product"}],"wp:featuredmedia":[{"embeddable":true,"href":"https:\/\/kotlinafishing.pl\/index.php?rest_route=\/wp\/v2\/media\/1516"}],"wp:attachment":[{"href":"https:\/\/kotlinafishing.pl\/index.php?rest_route=%2Fwp%2Fv2%2Fmedia&parent=1279"}],"wp:term":[{"taxonomy":"product_brand","embeddable":true,"href":"https:\/\/kotlinafishing.pl\/index.php?rest_route=%2Fwp%2Fv2%2Fproduct_brand&post=1279"},{"taxonomy":"product_cat","embeddable":true,"href":"https:\/\/kotlinafishing.pl\/index.php?rest_route=%2Fwp%2Fv2%2Fproduct_cat&post=1279"},{"taxonomy":"product_tag","embeddable":true,"href":"https:\/\/kotlinafishing.pl\/index.php?rest_route=%2Fwp%2Fv2%2Fproduct_tag&post=1279"}],"curies":[{"name":"wp","href":"https:\/\/api.w.org\/{rel}","templated":true}]}}