{"id":1180,"date":"2025-10-21T15:40:15","date_gmt":"2025-10-21T13:40:15","guid":{"rendered":"http:\/\/kotlinafishing.pl\/?post_type=product&#038;p=1180"},"modified":"2025-10-21T22:16:10","modified_gmt":"2025-10-21T20:16:10","slug":"agrafka-z-kretlikiem-jaws-predator-snap-mikado-10szt","status":"publish","type":"product","link":"https:\/\/kotlinafishing.pl\/?product=agrafka-z-kretlikiem-jaws-predator-snap-mikado-10szt","title":{"rendered":"Agrafka z kr\u0119tlikiem Jaws Predator Snap Mikado (10szt.)"},"content":{"rendered":"<p>Najwy\u017cszej jako\u015bci agrafka spiningowa z kr\u0119tlikiem, charakteryzuj\u0105ca si\u0119 bardzo du\u017c\u0105 wytrzyma\u0142o\u015b\u0107i\u0105, dzi\u0119ki zastosowaniu wysokiej klasy spr\u0119\u017cystego drutu. Szeroki profil pozwala na swobodn\u0105 prac\u0119 ka\u017cdego typu przyn\u0119t. Dost\u0119pna w kilku rozmiarach.<\/p>\n<p><strong>Pakowane po 10szt.<\/strong><\/p>\n","protected":false},"excerpt":{"rendered":"<p>Najwy\u017cszej jako\u015bci agrafka spiningowa z kr\u0119tlikiem, charakteryzuj\u0105ca si\u0119 bardzo du\u017c\u0105 wytrzyma\u0142o\u015b\u0107i\u0105, dzi\u0119ki zastosowaniu wysokiej klasy spr\u0119\u017cystego drutu. Szeroki profil pozwala na swobodn\u0105 prac\u0119 ka\u017cdego typu przyn\u0119t. Dost\u0119pna w kilku rozmiarach.<\/p>\n<p><strong>Pakowane po 10szt.<\/strong><\/p>\n","protected":false},"featured_media":1246,"template":"","meta":[],"product_brand":[22],"product_cat":[72,70,124,186,128,191,19,21,18],"product_tag":[],"class_list":{"0":"post-1180","1":"product","2":"type-product","3":"status-publish","4":"has-post-thumbnail","6":"product_brand-mikado","7":"product_cat-agrafki-z-kretlikiem","8":"product_cat-akcesoria","9":"product_cat-akcesoria-do-budowy-zestawu","10":"product_cat-akcesoria-spinningowe","11":"product_cat-kretliki-z-agrafka","12":"product_cat-kretliki-z-agrafka-akcesoria-spinningowe","13":"product_cat-grunt","14":"product_cat-spinning","15":"product_cat-splawik","17":"first","18":"instock","19":"shipping-taxable","20":"purchasable","21":"product-type-variable"},"_links":{"self":[{"href":"https:\/\/kotlinafishing.pl\/index.php?rest_route=\/wp\/v2\/product\/1180","targetHints":{"allow":["GET"]}}],"collection":[{"href":"https:\/\/kotlinafishing.pl\/index.php?rest_route=\/wp\/v2\/product"}],"about":[{"href":"https:\/\/kotlinafishing.pl\/index.php?rest_route=\/wp\/v2\/types\/product"}],"wp:featuredmedia":[{"embeddable":true,"href":"https:\/\/kotlinafishing.pl\/index.php?rest_route=\/wp\/v2\/media\/1246"}],"wp:attachment":[{"href":"https:\/\/kotlinafishing.pl\/index.php?rest_route=%2Fwp%2Fv2%2Fmedia&parent=1180"}],"wp:term":[{"taxonomy":"product_brand","embeddable":true,"href":"https:\/\/kotlinafishing.pl\/index.php?rest_route=%2Fwp%2Fv2%2Fproduct_brand&post=1180"},{"taxonomy":"product_cat","embeddable":true,"href":"https:\/\/kotlinafishing.pl\/index.php?rest_route=%2Fwp%2Fv2%2Fproduct_cat&post=1180"},{"taxonomy":"product_tag","embeddable":true,"href":"https:\/\/kotlinafishing.pl\/index.php?rest_route=%2Fwp%2Fv2%2Fproduct_tag&post=1180"}],"curies":[{"name":"wp","href":"https:\/\/api.w.org\/{rel}","templated":true}]}}