{"id":23,"date":"2025-07-11T20:19:34","date_gmt":"2025-07-11T18:19:34","guid":{"rendered":"http:\/\/kotlinafishing.pl\/?page_id=23"},"modified":"2025-07-15T22:15:59","modified_gmt":"2025-07-15T20:15:59","slug":"o-nas","status":"publish","type":"page","link":"https:\/\/kotlinafishing.pl\/?page_id=23","title":{"rendered":"O nas"},"content":{"rendered":"\t\t<div data-elementor-type=\"wp-page\" data-elementor-id=\"23\" class=\"elementor elementor-23\" wpc-filter-elementor-widget=\"1\">\n\t\t\t\t<div class=\"elementor-element elementor-element-0e0389b e-flex e-con-boxed e-con e-parent\" data-id=\"0e0389b\" data-element_type=\"container\" data-e-type=\"container\">\n\t\t\t\t\t<div class=\"e-con-inner\">\n\t\t\t\t<div class=\"elementor-element elementor-element-e38d4e1 elementor-widget elementor-widget-heading\" data-id=\"e38d4e1\" data-element_type=\"widget\" data-e-type=\"widget\" data-widget_type=\"heading.default\">\n\t\t\t\t\t<h2 class=\"elementor-heading-title elementor-size-default\">O NAS<\/h2>\t\t\t\t<\/div>\n\t\t\t\t<div class=\"elementor-element elementor-element-2895f8a elementor-widget elementor-widget-envo-extra-team\" data-id=\"2895f8a\" data-element_type=\"widget\" data-e-type=\"widget\" data-settings=\"{&quot;layout&quot;:&quot;3&quot;}\" data-widget_type=\"envo-extra-team.default\">\n\t\t\t\t<div class=\"elementor-widget-container\">\n\t\t\t\t\t\n\t\t<div class=\"envo-extra-team-wrapper envo-extra-team-layout-3\">\n\t\t\t\n\t\t\t\t\t\t\t<div class=\"envo-extra-team-image\">\n\t\t\t\t\t<img fetchpriority=\"high\" decoding=\"async\" width=\"768\" height=\"1024\" src=\"https:\/\/kotlinafishing.pl\/wp-content\/uploads\/2025\/07\/cetnar-768x1024.jpg\" class=\"attachment-medium_large size-medium_large\" alt=\"\" srcset=\"https:\/\/kotlinafishing.pl\/wp-content\/uploads\/2025\/07\/cetnar-768x1024.jpg 768w, https:\/\/kotlinafishing.pl\/wp-content\/uploads\/2025\/07\/cetnar-300x400.jpg 300w, https:\/\/kotlinafishing.pl\/wp-content\/uploads\/2025\/07\/cetnar-600x800.jpg 600w, https:\/\/kotlinafishing.pl\/wp-content\/uploads\/2025\/07\/cetnar-225x300.jpg 225w, https:\/\/kotlinafishing.pl\/wp-content\/uploads\/2025\/07\/cetnar-1152x1536.jpg 1152w, https:\/\/kotlinafishing.pl\/wp-content\/uploads\/2025\/07\/cetnar.jpg 1536w\" sizes=\"(max-width: 768px) 100vw, 768px\" \/>\t\t\t\t\t\t\t\t\t\t\t\t\t\t\t\t<ul class=\"envo-extra-team-social-list\">\n\t\t\t\t\t\t\t\t\t\t\t\t\t\t\t<li class=\"elementor-repeater-item-be18d33\">\n\t\t\t\t\t\t\t\t\t<span  target=\"_blank\" class=\"envo-extra-team-social-icon\">\n\t\t\t\t\t\t\t\t\t<svg aria-hidden=\"true\" class=\"e-font-icon-svg e-fab-facebook-f\" viewBox=\"0 0 320 512\" xmlns=\"http:\/\/www.w3.org\/2000\/svg\"><path d=\"M279.14 288l14.22-92.66h-88.91v-60.13c0-25.35 12.42-50.06 52.24-50.06h40.42V6.26S260.43 0 225.36 0c-73.22 0-121.08 44.38-121.08 124.72v70.62H22.89V288h81.39v224h100.17V288z\"><\/path><\/svg>\t\t\t\t\t\t\t\t\t<\/span>\n\t\t\t\t\t\t\t\t<\/li>\n\t\t\t\t\t\t\t\t\t\t\t\t\t\t\t<li class=\"elementor-repeater-item-4bc78bb\">\n\t\t\t\t\t\t\t\t\t<span  target=\"_blank\" class=\"envo-extra-team-social-icon\">\n\t\t\t\t\t\t\t\t\t<svg aria-hidden=\"true\" class=\"e-font-icon-svg e-fab-twitter\" viewBox=\"0 0 512 512\" xmlns=\"http:\/\/www.w3.org\/2000\/svg\"><path d=\"M459.37 151.716c.325 4.548.325 9.097.325 13.645 0 138.72-105.583 298.558-298.558 298.558-59.452 0-114.68-17.219-161.137-47.106 8.447.974 16.568 1.299 25.34 1.299 49.055 0 94.213-16.568 130.274-44.832-46.132-.975-84.792-31.188-98.112-72.772 6.498.974 12.995 1.624 19.818 1.624 9.421 0 18.843-1.3 27.614-3.573-48.081-9.747-84.143-51.98-84.143-102.985v-1.299c13.969 7.797 30.214 12.67 47.431 13.319-28.264-18.843-46.781-51.005-46.781-87.391 0-19.492 5.197-37.36 14.294-52.954 51.655 63.675 129.3 105.258 216.365 109.807-1.624-7.797-2.599-15.918-2.599-24.04 0-57.828 46.782-104.934 104.934-104.934 30.213 0 57.502 12.67 76.67 33.137 23.715-4.548 46.456-13.32 66.599-25.34-7.798 24.366-24.366 44.833-46.132 57.827 21.117-2.273 41.584-8.122 60.426-16.243-14.292 20.791-32.161 39.308-52.628 54.253z\"><\/path><\/svg>\t\t\t\t\t\t\t\t\t<\/span>\n\t\t\t\t\t\t\t\t<\/li>\n\t\t\t\t\t\t\t\t\t\t\t\t\t\t\t<li class=\"elementor-repeater-item-bdb6549\">\n\t\t\t\t\t\t\t\t\t<span  target=\"_blank\" class=\"envo-extra-team-social-icon\">\n\t\t\t\t\t\t\t\t\t<svg aria-hidden=\"true\" class=\"e-font-icon-svg e-fab-instagram\" viewBox=\"0 0 448 512\" xmlns=\"http:\/\/www.w3.org\/2000\/svg\"><path d=\"M224.1 141c-63.6 0-114.9 51.3-114.9 114.9s51.3 114.9 114.9 114.9S339 319.5 339 255.9 287.7 141 224.1 141zm0 189.6c-41.1 0-74.7-33.5-74.7-74.7s33.5-74.7 74.7-74.7 74.7 33.5 74.7 74.7-33.6 74.7-74.7 74.7zm146.4-194.3c0 14.9-12 26.8-26.8 26.8-14.9 0-26.8-12-26.8-26.8s12-26.8 26.8-26.8 26.8 12 26.8 26.8zm76.1 27.2c-1.7-35.9-9.9-67.7-36.2-93.9-26.2-26.2-58-34.4-93.9-36.2-37-2.1-147.9-2.1-184.9 0-35.8 1.7-67.6 9.9-93.9 36.1s-34.4 58-36.2 93.9c-2.1 37-2.1 147.9 0 184.9 1.7 35.9 9.9 67.7 36.2 93.9s58 34.4 93.9 36.2c37 2.1 147.9 2.1 184.9 0 35.9-1.7 67.7-9.9 93.9-36.2 26.2-26.2 34.4-58 36.2-93.9 2.1-37 2.1-147.8 0-184.8zM398.8 388c-7.8 19.6-22.9 34.7-42.6 42.6-29.5 11.7-99.5 9-132.1 9s-102.7 2.6-132.1-9c-19.6-7.8-34.7-22.9-42.6-42.6-11.7-29.5-9-99.5-9-132.1s-2.6-102.7 9-132.1c7.8-19.6 22.9-34.7 42.6-42.6 29.5-11.7 99.5-9 132.1-9s102.7-2.6 132.1 9c19.6 7.8 34.7 22.9 42.6 42.6 11.7 29.5 9 99.5 9 132.1s2.7 102.7-9 132.1z\"><\/path><\/svg>\t\t\t\t\t\t\t\t\t<\/span>\n\t\t\t\t\t\t\t\t<\/li>\n\t\t\t\t\t\t\t\t\t\t\t\t\t<\/ul>\n\t\t\t\t\t\t\t\t\t<\/div>\n\t\t\t\t\t\t<div class=\"envo-extra-team-content\">\n\t\t\t\t\t\t\t\t\t\t\t\t\t\t\t<h2\t\t\t\t\t\tclass=\"envo-extra-team-title\">Mateusz Cetnarowski<\/h2>\n\t\t\t\t\t\t\t\t\t\t\t\t\t\t\t\t<h4 class=\"envo-extra-team-designation\">Za\u0142o\u017cyciel<\/h4>\n\t\t\t\t\t\t\t\t\t\t\t\t\t\t\t\t\t\t<p class=\"envo-extra-team-description\">Mateusz \u0142owi ryby od wielu lat, a od 2019 roku jego g\u0142\u00f3wn\u0105 pasj\u0105 sta\u0142 si\u0119 klasyczny feeder. Cho\u0107 to jego ulubiona metoda, od czasu do czasu si\u0119ga tak\u017ce po method feeder lub spinning, przemierzaj\u0105c okoliczne rzeki w poszukiwaniu pstr\u0105g\u00f3w.\n\nNa co dzie\u0144 mo\u017cna spotka\u0107 go w sklepie Kotlina Fishing, ale r\u00f3wnie cz\u0119sto widywany jest na zawodach w\u0119dkarskich \u2013 zar\u00f3wno tych lokalnych, jak i og\u00f3lnopolskich. To cz\u0142owiek, kt\u00f3ry w\u0119dkarsk\u0105 pasj\u0119 \u0142\u0105czy z do\u015bwiadczeniem, a ka\u017cda rozmowa z nim ko\u0144czy si\u0119 now\u0105 inspiracj\u0105 na ryby.\n\n<\/p>\n\t\t\t\t\n\t\t\t\t\t\t\t<\/div>\n\t\t<\/div>\n\t\t\t\t\t\t<\/div>\n\t\t\t\t<\/div>\n\t\t\t\t\t<\/div>\n\t\t\t\t<\/div>\n\t\t<div class=\"elementor-element elementor-element-4b21690 e-flex e-con-boxed e-con e-parent\" data-id=\"4b21690\" data-element_type=\"container\" data-e-type=\"container\">\n\t\t\t\t\t<div class=\"e-con-inner\">\n\t\t\t\t<div class=\"elementor-element elementor-element-6fe3091 elementor-widget elementor-widget-envo-extra-team\" data-id=\"6fe3091\" data-element_type=\"widget\" data-e-type=\"widget\" data-settings=\"{&quot;layout&quot;:&quot;3&quot;}\" data-widget_type=\"envo-extra-team.default\">\n\t\t\t\t<div class=\"elementor-widget-container\">\n\t\t\t\t\t\n\t\t<div class=\"envo-extra-team-wrapper envo-extra-team-layout-3\">\n\t\t\t\n\t\t\t\t\t\t\t<div class=\"envo-extra-team-image\">\n\t\t\t\t\t<img decoding=\"async\" width=\"768\" height=\"1024\" src=\"https:\/\/kotlinafishing.pl\/wp-content\/uploads\/2025\/07\/dubik-768x1024.jpg\" class=\"attachment-medium_large size-medium_large\" alt=\"\" srcset=\"https:\/\/kotlinafishing.pl\/wp-content\/uploads\/2025\/07\/dubik-768x1024.jpg 768w, https:\/\/kotlinafishing.pl\/wp-content\/uploads\/2025\/07\/dubik-300x400.jpg 300w, https:\/\/kotlinafishing.pl\/wp-content\/uploads\/2025\/07\/dubik-600x800.jpg 600w, https:\/\/kotlinafishing.pl\/wp-content\/uploads\/2025\/07\/dubik-225x300.jpg 225w, https:\/\/kotlinafishing.pl\/wp-content\/uploads\/2025\/07\/dubik-1152x1536.jpg 1152w, https:\/\/kotlinafishing.pl\/wp-content\/uploads\/2025\/07\/dubik.jpg 1536w\" sizes=\"(max-width: 768px) 100vw, 768px\" \/>\t\t\t\t\t\t\t\t\t\t\t\t\t\t\t\t<ul class=\"envo-extra-team-social-list\">\n\t\t\t\t\t\t\t\t\t\t\t\t\t\t\t<li class=\"elementor-repeater-item-4f245cd\">\n\t\t\t\t\t\t\t\t\t<span  target=\"_blank\" class=\"envo-extra-team-social-icon\">\n\t\t\t\t\t\t\t\t\t<svg aria-hidden=\"true\" class=\"e-font-icon-svg e-fab-facebook-f\" viewBox=\"0 0 320 512\" xmlns=\"http:\/\/www.w3.org\/2000\/svg\"><path d=\"M279.14 288l14.22-92.66h-88.91v-60.13c0-25.35 12.42-50.06 52.24-50.06h40.42V6.26S260.43 0 225.36 0c-73.22 0-121.08 44.38-121.08 124.72v70.62H22.89V288h81.39v224h100.17V288z\"><\/path><\/svg>\t\t\t\t\t\t\t\t\t<\/span>\n\t\t\t\t\t\t\t\t<\/li>\n\t\t\t\t\t\t\t\t\t\t\t\t\t\t\t<li class=\"elementor-repeater-item-8d56c35\">\n\t\t\t\t\t\t\t\t\t<span  target=\"_blank\" class=\"envo-extra-team-social-icon\">\n\t\t\t\t\t\t\t\t\t<svg aria-hidden=\"true\" class=\"e-font-icon-svg e-fab-twitter\" viewBox=\"0 0 512 512\" xmlns=\"http:\/\/www.w3.org\/2000\/svg\"><path d=\"M459.37 151.716c.325 4.548.325 9.097.325 13.645 0 138.72-105.583 298.558-298.558 298.558-59.452 0-114.68-17.219-161.137-47.106 8.447.974 16.568 1.299 25.34 1.299 49.055 0 94.213-16.568 130.274-44.832-46.132-.975-84.792-31.188-98.112-72.772 6.498.974 12.995 1.624 19.818 1.624 9.421 0 18.843-1.3 27.614-3.573-48.081-9.747-84.143-51.98-84.143-102.985v-1.299c13.969 7.797 30.214 12.67 47.431 13.319-28.264-18.843-46.781-51.005-46.781-87.391 0-19.492 5.197-37.36 14.294-52.954 51.655 63.675 129.3 105.258 216.365 109.807-1.624-7.797-2.599-15.918-2.599-24.04 0-57.828 46.782-104.934 104.934-104.934 30.213 0 57.502 12.67 76.67 33.137 23.715-4.548 46.456-13.32 66.599-25.34-7.798 24.366-24.366 44.833-46.132 57.827 21.117-2.273 41.584-8.122 60.426-16.243-14.292 20.791-32.161 39.308-52.628 54.253z\"><\/path><\/svg>\t\t\t\t\t\t\t\t\t<\/span>\n\t\t\t\t\t\t\t\t<\/li>\n\t\t\t\t\t\t\t\t\t\t\t\t\t\t\t<li class=\"elementor-repeater-item-4bfcab1\">\n\t\t\t\t\t\t\t\t\t<span  target=\"_blank\" class=\"envo-extra-team-social-icon\">\n\t\t\t\t\t\t\t\t\t<svg aria-hidden=\"true\" class=\"e-font-icon-svg e-fab-instagram\" viewBox=\"0 0 448 512\" xmlns=\"http:\/\/www.w3.org\/2000\/svg\"><path d=\"M224.1 141c-63.6 0-114.9 51.3-114.9 114.9s51.3 114.9 114.9 114.9S339 319.5 339 255.9 287.7 141 224.1 141zm0 189.6c-41.1 0-74.7-33.5-74.7-74.7s33.5-74.7 74.7-74.7 74.7 33.5 74.7 74.7-33.6 74.7-74.7 74.7zm146.4-194.3c0 14.9-12 26.8-26.8 26.8-14.9 0-26.8-12-26.8-26.8s12-26.8 26.8-26.8 26.8 12 26.8 26.8zm76.1 27.2c-1.7-35.9-9.9-67.7-36.2-93.9-26.2-26.2-58-34.4-93.9-36.2-37-2.1-147.9-2.1-184.9 0-35.8 1.7-67.6 9.9-93.9 36.1s-34.4 58-36.2 93.9c-2.1 37-2.1 147.9 0 184.9 1.7 35.9 9.9 67.7 36.2 93.9s58 34.4 93.9 36.2c37 2.1 147.9 2.1 184.9 0 35.9-1.7 67.7-9.9 93.9-36.2 26.2-26.2 34.4-58 36.2-93.9 2.1-37 2.1-147.8 0-184.8zM398.8 388c-7.8 19.6-22.9 34.7-42.6 42.6-29.5 11.7-99.5 9-132.1 9s-102.7 2.6-132.1-9c-19.6-7.8-34.7-22.9-42.6-42.6-11.7-29.5-9-99.5-9-132.1s-2.6-102.7 9-132.1c7.8-19.6 22.9-34.7 42.6-42.6 29.5-11.7 99.5-9 132.1-9s102.7-2.6 132.1 9c19.6 7.8 34.7 22.9 42.6 42.6 11.7 29.5 9 99.5 9 132.1s2.7 102.7-9 132.1z\"><\/path><\/svg>\t\t\t\t\t\t\t\t\t<\/span>\n\t\t\t\t\t\t\t\t<\/li>\n\t\t\t\t\t\t\t\t\t\t\t\t\t<\/ul>\n\t\t\t\t\t\t\t\t\t<\/div>\n\t\t\t\t\t\t<div class=\"envo-extra-team-content\">\n\t\t\t\t\t\t\t\t\t\t\t\t\t\t\t<h2\t\t\t\t\t\tclass=\"envo-extra-team-title\">Mateusz Dubik<\/h2>\n\t\t\t\t\t\t\t\t\t\t\t\t\t\t\t\t<h4 class=\"envo-extra-team-designation\">Za\u0142o\u017cyciel<\/h4>\n\t\t\t\t\t\t\t\t\t\t\t\t\t\t\t\t\t\t<p class=\"envo-extra-team-description\">Mateusz swoj\u0105 przygod\u0119 z w\u0119dkarstwem rozpocz\u0105\u0142 ju\u017c w dzieci\u0144stwie. Przez wiele lat by\u0142 zwi\u0105zany ze sp\u0142awikiem, w kt\u00f3rym zdobywa\u0142 do\u015bwiadczenie startuj\u0105c w licznych zawodach \u2014 zar\u00f3wno lokalnych, jak i og\u00f3lnopolskich. Po blisko o\u015bmiu latach przeni\u00f3s\u0142 si\u0119 na klasyczny feeder, kt\u00f3ry do dzi\u015b jest jego g\u0142\u00f3wn\u0105 metod\u0105.\n\nPodobnie jak jego wsp\u00f3lnik, lubi urozmaicenie \u2014 ch\u0119tnie si\u0119ga po method feeder oraz spinning, eksploruj\u0105c rzeki Kotliny K\u0142odzkiej. Do jego najwi\u0119kszych osi\u0105gni\u0119\u0107 nale\u017c\u0105 starty w Grand Prix Polski, tytu\u0142 Mistrza Okr\u0119gu, udzia\u0142 w Mistrzostwach Polski, a tak\u017ce liczne zwyci\u0119stwa w zawodach komercyjnych.<\/p>\n\t\t\t\t\n\t\t\t\t\t\t\t<\/div>\n\t\t<\/div>\n\t\t\t\t\t\t<\/div>\n\t\t\t\t<\/div>\n\t\t\t\t\t<\/div>\n\t\t\t\t<\/div>\n\t\t\t\t<\/div>\n\t\t","protected":false},"excerpt":{"rendered":"<p>O NAS Mateusz Cetnarowski Za\u0142o\u017cyciel Mateusz \u0142owi ryby od wielu lat, a od 2019 roku jego g\u0142\u00f3wn\u0105 pasj\u0105 sta\u0142 si\u0119 klasyczny feeder. Cho\u0107 to jego ulubiona metoda, od czasu do czasu si\u0119ga tak\u017ce po method feeder lub spinning, przemierzaj\u0105c okoliczne rzeki w poszukiwaniu pstr\u0105g\u00f3w. Na co dzie\u0144 mo\u017cna spotka\u0107 go w sklepie Kotlina Fishing, ale&hellip;<\/p>\n","protected":false},"author":1,"featured_media":0,"parent":0,"menu_order":0,"comment_status":"closed","ping_status":"closed","template":"elementor_header_footer","meta":{"footnotes":""},"class_list":["post-23","page","type-page","status-publish","hentry"],"_links":{"self":[{"href":"https:\/\/kotlinafishing.pl\/index.php?rest_route=\/wp\/v2\/pages\/23","targetHints":{"allow":["GET"]}}],"collection":[{"href":"https:\/\/kotlinafishing.pl\/index.php?rest_route=\/wp\/v2\/pages"}],"about":[{"href":"https:\/\/kotlinafishing.pl\/index.php?rest_route=\/wp\/v2\/types\/page"}],"author":[{"embeddable":true,"href":"https:\/\/kotlinafishing.pl\/index.php?rest_route=\/wp\/v2\/users\/1"}],"replies":[{"embeddable":true,"href":"https:\/\/kotlinafishing.pl\/index.php?rest_route=%2Fwp%2Fv2%2Fcomments&post=23"}],"version-history":[{"count":22,"href":"https:\/\/kotlinafishing.pl\/index.php?rest_route=\/wp\/v2\/pages\/23\/revisions"}],"predecessor-version":[{"id":163,"href":"https:\/\/kotlinafishing.pl\/index.php?rest_route=\/wp\/v2\/pages\/23\/revisions\/163"}],"wp:attachment":[{"href":"https:\/\/kotlinafishing.pl\/index.php?rest_route=%2Fwp%2Fv2%2Fmedia&parent=23"}],"curies":[{"name":"wp","href":"https:\/\/api.w.org\/{rel}","templated":true}]}}